{"id":5885,"date":"2026-07-01T16:58:15","date_gmt":"2026-07-01T14:58:15","guid":{"rendered":"https:\/\/www.b2works.eu\/vacancy\/motorista-de-vagao-de-mercadorias-e-funcionario-de-expedicao-6\/"},"modified":"2026-08-31T12:56:11","modified_gmt":"2026-08-31T10:56:11","slug":"motorista-de-vagao-de-mercadorias-e-funcionario-de-expedicao-6","status":"publish","type":"vacancy","link":"https:\/\/www.b2works.eu\/pt-pt\/vacancy\/motorista-de-vagao-de-mercadorias-e-funcionario-de-expedicao-6\/","title":{"rendered":"Motorista de vag\u00e3o de carga e funcion\u00e1rio de expedi\u00e7\u00e3o"},"content":{"rendered":"<h3>Resumo<\/h3>\n<p>Nesta fun\u00e7\u00e3o, ser\u00e1 respons\u00e1vel por conduzir um cami\u00e3o de caixa fechada at\u00e9 \u00e0s docas e por realizar outras tarefas de armaz\u00e9m.<\/p>\n<h3>As suas tarefas<\/h3>\n<ul>\n<li>Conduzir um cami\u00e3o de caixa fechada at\u00e9 \u00e0s docas<\/li>\n<li>Prender a carga<\/li>\n<li>Desengatar e engatar reboques<\/li>\n<li>Carregar mercadorias utilizando o EPT\u00a0<\/li>\n<li>Tarefas adicionais no armaz\u00e9m, tais como a prepara\u00e7\u00e3o de encomendas<\/li>\n<\/ul>\n<h3>Requisitos<\/h3>\n<ul>\n<li>Bons conhecimentos de ingl\u00eas oral e escrito (n\u00edvel B1\/B2)<\/li>\n<li>Capacidade de trabalhar bem de forma aut\u00f3noma, mas tamb\u00e9m em equipa<\/li>\n<li>J\u00e1 tem experi\u00eancia na condu\u00e7\u00e3o de um cami\u00e3o de caixa fechada e na utiliza\u00e7\u00e3o de um EPT<\/li>\n<li>Dedica\u00e7\u00e3o \u00e0 realiza\u00e7\u00e3o de um trabalho de alta qualidade<\/li>\n<li>Carta de condu\u00e7\u00e3o v\u00e1lida das categorias B e T<\/li>\n<li>\u00c9 flex\u00edvel e est\u00e1 dispon\u00edvel para trabalhar em diferentes turnos, departamentos ou para ajudar em tarefas de armaz\u00e9m<\/li>\n<\/ul>\n<h3>A nossa oferta<\/h3>\n<ul>\n<li>Sal\u00e1rio bruto por hora: 17,52 \u20ac + subs\u00eddio ADV de 0,24 \u20ac = 17,76 \u20ac<\/li>\n<li>Contribui\u00e7\u00e3o fixa para a pens\u00e3o a partir de 0,34 \u20ac<\/li>\n<li>Trabalho num \u00fanico turno: 16h30 \u2013 01h30\u00a0<\/li>\n<li>Estabilidade de um emprego a tempo inteiro e a tempo indeterminado<\/li>\n<li>Seguro de sa\u00fade e alojamento perto do local de trabalho<\/li>\n<li>Apoio no transporte para o local de trabalho\u00a0<\/li>\n<li>Pagamentos semanais\u00a0<\/li>\n<\/ul>\n<h3>Informa\u00e7\u00f5es sobre a empresa<\/h3>\n<p>A empresa \u00e9 um prestador de servi\u00e7os de log\u00edstica com vis\u00e3o de futuro. Aposte num futuro em que vai al\u00e9m do esperado, com paix\u00e3o e alegria pelos colegas, pelos clientes e<\/p>\n<h3>Processo de candidatura<\/h3>\n<p>Se estiver interessado nesta vaga e considerar que as suas qualifica\u00e7\u00f5es e experi\u00eancia correspondem aos nossos requisitos, envie a sua candidatura clicando no bot\u00e3o abaixo. Certifique-se de que o seu <b>CV est\u00e1 anexado em ingl\u00eas<\/b> e inclui <b>o<\/b> seu <b>historial profissional<\/b> completo e <b>atualizado<\/b>.<\/p>\n<p>A nossa equipa de recrutamento ir\u00e1 analisar a sua candidatura e contact\u00e1-lo o mais rapidamente poss\u00edvel.<br \/>Tenha em aten\u00e7\u00e3o que o nosso hor\u00e1rio de funcionamento \u00e9 <b>de segunda a sexta-feira, das 09:00 \u00e0s 17:30<\/b>. Se enviar a sua candidatura durante o fim de semana ou fora do hor\u00e1rio de expediente, agradecemos a sua paci\u00eancia, uma vez que s\u00f3 poderemos contact\u00e1-lo durante o nosso hor\u00e1rio normal de trabalho.<\/p>\n<p>Informamos que esta vaga est\u00e1 dispon\u00edvel <b>apenas para<\/b> cidad\u00e3os <b>da UE<\/b>.<\/p>\n","protected":false},"excerpt":{"rendered":"<p>Resumo Nesta fun\u00e7\u00e3o, ser\u00e1 respons\u00e1vel por conduzir um cami\u00e3o de caixa fechada at\u00e9 \u00e0s docas e por realizar outras tarefas de armaz\u00e9m. As suas tarefas Conduzir um cami\u00e3o de caixa fechada at\u00e9 \u00e0s docas Prender a carga Desengatar e engatar reboques Carregar mercadorias utilizando o EPT\u00a0 Tarefas adicionais no armaz\u00e9m, tais como a prepara\u00e7\u00e3o de [&hellip;]<\/p>\n","protected":false},"parent":0,"template":"","branche":[230],"location":[164],"class_list":["post-5885","vacancy","type-vacancy","status-publish","hentry","branche-logistica-pt-pt","location-nijmegen"],"acf":[],"_links":{"self":[{"href":"https:\/\/www.b2works.eu\/pt-pt\/wp-json\/wp\/v2\/vacancy\/5885","targetHints":{"allow":["GET"]}}],"collection":[{"href":"https:\/\/www.b2works.eu\/pt-pt\/wp-json\/wp\/v2\/vacancy"}],"about":[{"href":"https:\/\/www.b2works.eu\/pt-pt\/wp-json\/wp\/v2\/types\/vacancy"}],"wp:attachment":[{"href":"https:\/\/www.b2works.eu\/pt-pt\/wp-json\/wp\/v2\/media?parent=5885"}],"wp:term":[{"taxonomy":"branche","embeddable":true,"href":"https:\/\/www.b2works.eu\/pt-pt\/wp-json\/wp\/v2\/branche?post=5885"},{"taxonomy":"location","embeddable":true,"href":"https:\/\/www.b2works.eu\/pt-pt\/wp-json\/wp\/v2\/location?post=5885"}],"curies":[{"name":"wp","href":"https:\/\/api.w.org\/{rel}","templated":true}]}}

Motorista de vagão de carga e funcionário de expedição

<h3>Resumo</h3>
<p>Nesta função, será responsável por conduzir um camião de caixa fechada até às docas e por realizar outras tarefas de armazém.</p>
<h3>As suas tarefas</h3>
<ul>
<li>Conduzir um camião de caixa fechada até às docas</li>
<li>Prender a carga</li>
<li>Desengatar e engatar reboques</li>
<li>Carregar mercadorias utilizando o EPT </li>
<li>Tarefas adicionais no armazém, tais como a preparação de encomendas</li>
</ul>
<h3>Requisitos</h3>
<ul>
<li>Bons conhecimentos de inglês oral e escrito (nível B1/B2)</li>
<li>Capacidade de trabalhar bem de forma autónoma, mas também em equipa</li>
<li>Já tem experiência na condução de um camião de caixa fechada e na utilização de um EPT</li>
<li>Dedicação à realização de um trabalho de alta qualidade</li>
<li>Carta de condução válida das categorias B e T</li>
<li>É flexível e está disponível para trabalhar em diferentes turnos, departamentos ou para ajudar em tarefas de armazém</li>
</ul>
<h3>A nossa oferta</h3>
<ul>
<li>Salário bruto por hora: 17,52 € + subsídio ADV de 0,24 € = 17,76 €</li>
<li>Contribuição fixa para a pensão a partir de 0,34 €</li>
<li>Trabalho num único turno: 16h30 – 01h30 </li>
<li>Estabilidade de um emprego a tempo inteiro e a tempo indeterminado</li>
<li>Seguro de saúde e alojamento perto do local de trabalho</li>
<li>Apoio no transporte para o local de trabalho </li>
<li>Pagamentos semanais </li>
</ul>
<h3>Informações sobre a empresa</h3>
<p>A empresa é um prestador de serviços de logística com visão de futuro. Aposte num futuro em que vai além do esperado, com paixão e alegria pelos colegas, pelos clientes e</p>
<h3>Processo de candidatura</h3>
<p>Se estiver interessado nesta vaga e considerar que as suas qualificações e experiência correspondem aos nossos requisitos, envie a sua candidatura clicando no botão abaixo. Certifique-se de que o seu <b>CV está anexado em inglês</b> e inclui <b>o</b> seu <b>historial profissional</b> completo e <b>atualizado</b>.</p>
<p>A nossa equipa de recrutamento irá analisar a sua candidatura e contactá-lo o mais rapidamente possível.<br />Tenha em atenção que o nosso horário de funcionamento é <b>de segunda a sexta-feira, das 09:00 às 17:30</b>. Se enviar a sua candidatura durante o fim de semana ou fora do horário de expediente, agradecemos a sua paciência, uma vez que só poderemos contactá-lo durante o nosso horário normal de trabalho.</p>
<p>Informamos que esta vaga está disponível <b>apenas para</b> cidadãos <b>da UE</b>.</p>

<p>Resumo Nesta função, será responsável por conduzir um camião de caixa fechada até às docas e por realizar outras tarefas de armazém. As suas tarefas Conduzir um camião de caixa fechada até às docas Prender a carga Desengatar e engatar reboques Carregar mercadorias utilizando o EPT  Tarefas adicionais no armazém, tais como a preparação de [&hellip;]</p>
